3626?
True
Is 87 a factor of 11668?
False
Is 732 a multiple of 61?
True
Is 1035 a multiple of 7?
False
Is 4750 a multiple of 98?
False
Is 4 a factor of 33?
False
Does 82 divide 20806?
False
Does 25 divide 15100?
True
Is 486 even?
True
Is 2309 a multiple of 5?
False
Is 25 a factor of 12400?
True
Is 66 a factor of 15246?
True
Is 11 a factor of 1224?
False
Is 27 a factor of 8126?
False
Is 16 a factor of 6826?
False
Does 20 divide 173?
False
Does 4 divide 2807?
False
Is 8382 a multiple of 22?
True
Is 132 a multiple of 17?
False
Is 2790 a multiple of 63?
False
Does 199 divide 28451?
False
Is 17 even?
False
Is 78 a factor of 10352?
False
Is 9 a factor of 882?
True
Does 4 divide 46?
False
Is 4 a factor of 226?
False
Does 20 divide 1195?
False
Is 44302 a multiple of 17?
True
Is 36 a factor of 57?
False
Is 7 a factor of 649?
False
Is 16000 a multiple of 50?
True
Is 464 a multiple of 43?
False
Is 63638 a multiple of 76?
False
Does 27 divide 52?
False
Does 19 divide 2026?
False
Does 8 divide 604?
False
Does 145 divide 13105?
False
Does 7 divide 10613?
False
Does 41 divide 5617?
True
Does 2 divide 116?
True
Is 140 a multiple of 5?
True
Does 109 divide 36624?
True
Does 4 divide 1380?
True
Is 1175 a multiple of 47?
True
Is 1032 a multiple of 6?
True
Does 7 divide 4506?
False
Is 68 a factor of 4397?
False
Is 324 a multiple of 12?
True
Does 104 divide 5206?
False
Does 9 divide 5364?
True
Does 3 divide 5040?
True
Does 20 divide 180?
True
Does 20 divide 1031?
False
Is 103 a factor of 55428?
False
Does 6 divide 2184?
True
Does 135 divide 7164?
False
Is 52084 a multiple of 33?
False
Does 4 divide 932?
True
Is 2 a factor of 3648?
True
Does 14 divide 3186?
False
Is 88 a factor of 3080?
True
Does 18 divide 3737?
False
Is 1071 a multiple of 3?
True
Is 577 a multiple of 13?
False
Is 76 even?
True
Is 2 a factor of 716?
True
Does 6 divide 6595?
False
Is 45024 a multiple of 32?
True
Is 184 a multiple of 8?
True
Does 24 divide 336?
True
Does 14 divide 1344?
True
Is 85 a factor of 935?
True
Does 225 divide 88875?
True
Does 2 divide 46?
True
Does 11 divide 220?
True
Does 16 divide 27634?
False
Does 29 divide 17197?
True
Is 16 a factor of 2192?
True
Does 37 divide 986?
False
Is 372 a multiple of 31?
True
Does 30 divide 3768?
False
Is 27 a factor of 568?
False
Is 456 a multiple of 38?
True
Is 5 a factor of 560?
True
Is 10 a factor of 410?
True
Does 57 divide 52489?
False
Does 31 divide 70463?
True
Is 980 a multiple of 28?
True
Is 47 a factor of 188?
True
Is 17332 a multiple of 14?
True
Is 6880 a multiple of 160?
True
Is 3886 a multiple of 58?
True
Is 50 a factor of 7100?
True
Is 5 a factor of 309?
False
Is 18 a factor of 38412?
True
Is 176 a multiple of 8?
True
Is 42 a factor of 1218?
True
Is 448 a multiple of 7?
True
Is 2928 a multiple of 8?
True
Is 7440 a multiple of 80?
True
Is 284 even?
True
Is 216 a factor of 25488?
True
Is 15 a factor of 105?
True
Does 17 divide 4471?
True
Is 13 a factor of 442?
True
Is 273 a factor of 45591?
True
Does 10 divide 5090?
True
Does 63 divide 5283?
False
Is 351 a multiple of 22?
False
Is 15222 a multiple of 118?
True
Does 62 divide 1984?
True
Is 70929 a multiple of 46?
False
Does 96 divide 8736?
True
Is 31956 a multiple of 6?
True
Does 7 divide 17?
False
Does 85 divide 18270?
False
Does 18 divide 516?
False
Does 10 divide 189?
False
Does 47 divide 1222?
True
Does 16 divide 464?
True
Is 126 a factor of 5922?
True
Is 3105 a multiple of 115?
True
Is 203 a factor of 3248?
True
Is 13 a factor of 11367?
False
Is 4289 a multiple of 19?
False
Is 2144 a multiple of 32?
True
Is 13 a factor of 7020?
True
Does 11 divide 1045?
True
Does 31 divide 3247?
False
Is 293 a factor of 6099?
False
Is 265 even?
False
Is 48 a factor of 624?
True
Does 18 divide 39062?
False
Does 33 divide 66?
True
Is 35 a multiple of 35?
True
Is 123 a multiple of 2?
False
Is 15 a factor of 113137?
False
Does 96 divide 3878?
False
Is 5508 a multiple of 17?
True
Is 67 a factor of 224?
False
Is 104640 a multiple of 64?
True
Is 887 a multiple of 15?
False
Does 2 divide 242?
True
Is 3815 a multiple of 35?
True
Is 9572 a multiple of 136?
False
Does 102 divide 8821?
False
Is 17593 a multiple of 73?
True
Is 32751 a multiple of 27?
True
Does 69 divide 5244?
True
Is 1368 a multiple of 71?
False
Does 2 divide 13103?
False
Is 250 a multiple of 25?
True
Is 4 a factor of 1673?
False
Is 12 a factor of 98729?
False
Is 1059 a multiple of 11?
False
Is 14 a factor of 1232?
True
Is 771 a multiple of 59?
False
Is 265 a factor of 16960?
True
Is 12 a factor of 96?
True
Does 6 divide 480?
True
Is 8 a factor of 784?
True
Is 25226 a multiple of 7?
False
Does 49 divide 2744?
True
Is 4384 a multiple of 181?
False
Is 6 a factor of 13554?
True
Is 4391 a multiple of 109?
False
Is 60 a factor of 1080?
True
Does 13 divide 12740?
True
Is 12 a factor of 1824?
True
Is 3 a factor of 1413?
True
Is 290 a factor of 2900?
True
Does 42 divide 427?
False
Does 157 divide 6280?
True
Is 64800 a multiple of 24?
True
Does 18 divide 5949?
False
Is 22310 a multiple of 46?
True
Does 41 divide 615?
True
Is 4 a factor of 1328?
True
Is 749 a multiple of 85?
False
Is 7 a factor of 2387?
True
Is 45 a factor of 1125?
True
Does 81 divide 9153?
True
Does 83 divide 33212?
False
Does 16 divide 6109?
False
Is 13 a factor of 2210?
True
Is 77 a factor of 3682?
False
Is 26790 a multiple of 19?
True
Does 4 divide 18824?
True
Is 3230 a multiple of 34?
True
Is 16 a factor of 2736?
True
Is 42 a factor of 79187?
False
Is 11 a factor of 1661?
True
Is 39474 a multiple of 153?
True
Does 10 divide 116?
False
Is 32541 a multiple of 35?
False
Does 7 divide 891?
False
Does 36 divide 51948?
True
Is 3 a factor of 588?
True
Is 28 a factor of 602?
False
Is 64 a factor of 9617?
False
Does 75 divide 386?
False
Is 25379 a multiple of 21?
False
Is 14 a factor of 1418?
False
Is 2516 a multiple of 37?
True
Does 70 divide 3920?
True
Is 16 a factor of 1228?
False
Does 161 divide 2898?
True
Is 20 a factor of 5520?
True
Does 5 divide 36235?
True
Is 24 a factor of 7001?
False
Is 2638 a multiple of 17?
False
Is 1974 a multiple of 14?
True
Does 232 divide 28304?
True
Is 3232 a multiple of 16?
True
Is 1117 a multiple of 11?
False
Is 1640 a multiple of 19?
False
Does 9 divide 7983?
True
Does 25 divide 5050?
True
Does 4 divide 173?
False
Does 87 divide 1131?
True
Does 47 divide 1093?
False
Does 13 divide 673?
False
Is 108 a factor of 10346?
False
Does 62 divide 73?
False
Does 29 divide 14326?
True
Is 6231 a multiple of 93?
True
Is 21736 a multiple of 209?
True
Is 25 a factor of 25?
True
Does 9 divide 18?
True
Is 429 a multiple of 3?
True
Is 97 a multiple of 17?
False
Is 8 a factor of 19248?
True
Is 39 a factor of 15332?
False
Does 9 divide 7449?
False
Is 138 a factor of 36302?
False
Does 21 divide 105?
True
Does 44 divide 2215?
False
Does 70 divide 615?
False
Does 51 divide 5861?
False
Does 63 divide 1197?
True
Does 12 divide 1704?
True
Does 30 divide 3271?
False
Is 26 a factor of 1573?
False
Is 13 a factor of 481?
True
Is 13 a factor of 325?
True
Does 26 divide 160?
False
Does 45 divide 4038?
False
Does 11 divide 253?
True
Is 41 a multiple of 12?
False
Does 58 divide 2146?
True
Does 66 divide 540?
False
Is 81 a factor of 162?
True
Is 36023 a multiple of 221?
True
Is 990 a multiple of 22?
True
Is 21 a factor of 22784?
False
Does 86 divide 169?
False
Is 2706 a multiple of 82?
True
Does 13 divide 208?
True
Is 11511 a multiple of 45?
False
Is 140 a multiple of 5?
True
Is 281 a multiple of 8?
False
Does 143 divide 19448?
True
Does 33 divide 17919?
True
Does 79 divide 396?
False
Does 134 divide 2302?
False
Is 2260 a multiple of 14?
False
Is 49 a multiple of 49?
True
Does 70 divide 16730?
True
Does 11 divide 506?
True
Is 123 a factor of 893?
False
Does 21 divide 16590?
True
Is 72 a factor of 2192?
False
Does 17 divide 204?
True
Is 6940 a multiple of 5?
True
Does 5 divide 19?
False
Does 16 divide 2703?
False
Is 21 a factor of 7833?
True
Is 10 a factor of 102950?
True
Does 6 divide 8865?
False
Is 38 even?
True
Is 16 a factor of 96?
True
Does 35 divide 36680?
True
Is 64424 a multiple of 35?
False
Is 39 a factor of 4720?
False
Is 93 a multiple of 15?
False
Does 86 divide 5590?
True
Is 33 a factor of 1617?
True
Does 10 divide 300?
True
Is 6784 a multiple of 116?
False
Is 2751 a multi